). List the prime factors of w(17).
47
Let s be ((-4)/6*(-1737)/(-6))/1. Let k = 320 - s. List the prime factors of k.
3, 19
Suppose -13 = -s + 25. Let v(m) = 15*m - s*m + 94*m - 5 + 57*m. What are the prime factors of v(1)?
3, 41
Let o = 211 + -223. List the prime factors of (4*9/(-30))/(o/4530).
3, 151
Let j = -48586 + 69748. List the prime factors of j.
2, 3, 3527
Let z(o) = o**3 + 12*o**2 - 9*o + 16. Let u be z(-13). Let m be u/(-162) + 50/18. Suppose -3 = m*w - 345. What are the prime factors of w?
2, 3, 19
Let f = -569 - -840. Let l = 95 + f. List the prime factors of l.
2, 3, 61
Suppose 600 = -7*o + o. List the prime factors of (o/6 - 0)/((-2)/15).
5
Suppose r + 149 - 163 = 0. Suppose r*l - 8304 = 6*l. List the prime factors of l.
2, 3, 173
Let n(f) = -f**3 + 18*f**2 - 2*f + 22. Let o be n(18). Let x(i) = 8*i**2 + 37*i + 18. List the prime factors of x(o).
2, 3, 89
Let s(b) = -11*b - 117. Let w(n) = -90*n - 935. Let c(d) = -25*s(d) + 3*w(d). What are the prime factors of c(0)?
2, 3, 5
Let r = -46 - -610. Let o = 959 - r. List the prime factors of o.
5, 79
Let c be -1*4/(4/(-5)). Let g be (-2 + 1 - -2)*0. Suppose g = c*m - 62 + 17. What are the prime factors of m?
3
Let j(f) = 8*f - 262. Let g be j(33). Suppose g*x - a = 203, -113 = -3*x + 3*a + 193. List the prime factors of x.
101
Let w be 80/20*(1 + (-111)/2). Let o = w - -580. What are the prime factors of o?
2, 181
Suppose 0 = -5*j - 4*p + 4870, 3*j - 3*p - 3198 = -303. What are the prime factors of (2*28/(-35))/((-4)/j)?
2, 97
Suppose 8*y - 6*y = 16. Let v be 11/(-4)*(-12 - y). Let z = -43 + v. List the prime factors of z.
2, 3
Let m be 284/28 + (-3)/21. Let c(p) = -6 + 15 - m + 2*p + 78*p**2. List the prime factors of c(1).
79
Suppose -7*b + 2*b = -65. Suppose -b*t + 0 + 65 = 0. Suppose -5*y + 1450 = 5*n, t*y - 290 = -n - 0*y. What are the prime factors of n?
2, 5, 29
Let q be 10638/(-30) - 3/(-5). Let d be (-1 + -18)*(-20 - -33). Let g = d - q. What are the prime factors of g?
107
Suppose 0 = 4*t - 3*j + 19817 - 66238, 11606 = t - j. List the prime factors of t.
41, 283
Suppose 66*o - 42725 = 1363. List the prime factors of o.
2, 167
Let u be ((-80)/(-50))/(2 + (-4479)/2240). Suppose 4*y = -0*y + u. What are the prime factors of y?
2, 7
Suppose 4*h + 60928 = 4*l, -5*l + 4*h + 79797 = 3637. What are the prime factors of l?
2, 7, 17
List the prime factors of (-53734)/(-201)*12*2.
2, 401
Suppose 28 = 4*x, -4*x - 55417 = -68*i + 63*i. List the prime factors of i.
13, 853
Let l(c) be the second derivative of 53*c**4/12 - 5*c**3/2 + 21*c**2/2 - 113*c. What are the prime factors of l(2)?
7, 29
Let c(a) = -a**3 + 4*a**2 + 4*a + 10. Let i be c(5). Suppose l + x - 10 = -4, -i*l = -3*x - 54. Suppose -l*t = -3*t - 456. List the prime factors of t.
2, 19
Let t(y) = 36*y**2 - 5*y + 3. Let i be t(-5). Suppose 30*f - 34*f + i = 0. What are the prime factors of f?
2, 29
Let d be (-3)/(-3*(-6)/(-18)). Let b be 0 - -1*0/(-1). Suppose -d*t = -b*t - 255. What are the prime factors of t?
5, 17
Suppose 0*b - 5*b = 3*t - 26, 0 = t + b - 6. Suppose 0 = -3*v - t*s + s - 10, 0 = 2*s - 4. List the prime factors of ((-14)/v)/(20/680).
7, 17
Let o(c) = -8102*c + 636. What are the prime factors of o(-1)?
2, 17, 257
Let u = 73 - 35. Let d = 43 - u. Suppose 0 = d*x - 20, 5*y - 3*x = x + 14. List the prime factors of y.
2, 3
Let v(r) = -76*r - 1168. What are the prime factors of v(-58)?
2, 3, 5
Suppose -2*a + 21 = -5*w, 0*a - a + 3*w + 13 = 0. Let n be 1 + ((-6)/4*2 - a). Suppose 4*v + 4 = 0, 3*k + n*v + v - 320 = 0. What are the prime factors of k?
107
Suppose -3*n + 469 = -q + 3093, 0 = 2*q - 3*n - 5248. Let o = q + -1692. List the prime factors of o.
2, 233
Let f be 8 - 6 - 2*-1. Let o(c) = 83*c. What are the prime factors of o(f)?
2, 83
Let z(r) be the second derivative of -11*r**3/3 - r**2 + 50*r - 2. Let d(t) = -t + 2. Let u be d(4). What are the prime factors of z(u)?
2, 3, 7
Let r = -81 - -833. What are the prime factors of 3*(-5)/(-30)*r?
2, 47
Let r(a) = 3*a**2 + 10*a - 14. Suppose -14*t = 45 + 53. What are the prime factors of r(t)?
3, 7
Let b = -23 + 26. Suppose -5*r + z = 2*z - 168, b*r - 111 = -4*z. List the prime factors of ((-11)/r)/((-1)/171).
3, 19
Suppose 4*m = -j - 6, 0 = -7*j + 5*j - m + 16. Let h(d) = 11*d - 11. List the prime factors of h(j).
3, 11
Suppose -4100 = 162*n - 212*n. Let u = -126 + 273. Let y = u + n. What are the prime factors of y?
229
Suppose -5*d + 89*a - 86*a = -125286, -a = -18*d + 451010. List the prime factors of d.
2, 3, 29
Suppose 31*c - 992777 = 1699387. List the prime factors of c.
2, 3, 7237
What are the prime factors of (-8)/(-3)*(18/(-30) - (-292491)/60)?
2, 67, 97
Let w = -31589 + 55227. List the prime factors of w.
2, 53, 223
Let k be -3 - ((-1 - 0) + -2). Suppose -40*h + 22 = -38*h. List the prime factors of (1 - k)/(((-44)/(-592))/h).
2, 37
List the prime factors of 158*(28 + 3) - (2 + 14)/(-4).
2, 3, 19, 43
Let p(h) = 2*h**2 - 138*h + 5222. List the prime factors of p(50).
2, 11, 151
Suppose -5*x - 7*x = -672. Let m be (17/(-2))/(2/(-4)). Let j = x + m. List the prime factors of j.
73
Let j be ((-234)/273)/((-4)/14). Suppose -2470 = -13*p + j*p. What are the prime factors of p?
13, 19
Suppose 13*y - 40903 = 77943. What are the prime factors of y?
2, 7, 653
Suppose -5*t = 2*h - 90, 0*h - 25 = 5*h. Suppose 3*i - 32 = -t. What are the prime factors of (i - (2 + -4))/(6/88)?
2, 11
Let i be 0/(-8) + (-2)/4*-6. Let f(m) = m - 7*m + i + 5*m + 17. What are the prime factors of f(9)?
11
Suppose 0 = 15*x - 18*x, 3*x = 2*o - 6. Suppose -1163 = -n - 5*h, -o*h + 979 + 176 = n. List the prime factors of n.
3, 127
Let o = -2206 + 9755. What are the prime factors of o?
7549
Let g(x) = 4352*x - 2492. What are the prime factors of g(5)?
2, 4817
Let x be 3/12 - ((-63)/(-12) + -2). List the prime factors of (1145/(-3))/((-6 - x)/9).
5, 229
Let p(s) = 25*s**2 - 31*s - 79. Let o be p(-6). Suppose q = o + 155. List the prime factors of q.
2, 7, 83
Suppose -5 = -12*y + 7. Suppose 4*d = -2*w + 4, -3*d + 1 = w - y. Suppose w*i - 140 = -2*a, -3*i = 2*a + i - 144. What are the prime factors of a?
2, 17
Let g = -172 - -167. Let n(y) = -14*y - 37 - 13*y + 9*y - 4*y. What are the prime factors of n(g)?
73
Let f(d) = -33*d - 20. Let s be f(-3). Suppose 0 = 77*w - s*w + 1124. List the prime factors of w.
2, 281
Let p(a) = a**2 - 9. Let i be p(-3). Suppose i*o + 55 = 5*o. Suppose 0 = -o*t + 2392 - 115. What are the prime factors of t?
3, 23
Let z(c) be the first derivative of c**3/3 + 3*c**2/2 - 11*c - 1. Let i = -383 - -375. List the prime factors of z(i).
29
List the prime factors of (-4 + 169/39)*49659.
16553
Suppose 5*o + 11 = 11. Suppose -16*q + o*q = -1808. List the prime factors of q.
113
Let s = 2844 + 2494. What are the prime factors of s?
2, 17, 157
Let g(z) = 4*z - 25. Let x be g(7). Suppose 3*q - q = x*p - 1627, 4*p - 2164 = 4*q. What are the prime factors of p?
5, 109
Let z = -38 + 22. Let h(d) = d**3 + 18*d**2 + 22*d + 9. List the prime factors of h(z).
13
Let t be 1 + (964 - 30/(-6)). Let s = -572 + t. List the prime factors of s.
2, 199
Let b = 1179 + -672. Let m = 917 - b. What are the prime factors of m?
2, 5, 41
Let y be -12*(6/(-28) + 4/(-14)). Suppose -28*u + 2002 = -y*u. What are the prime factors of u?
7, 13
Suppose 44*j + 144 = 53*j. Suppose 0 = j*z - 372 - 21196. List the prime factors of z.
2, 337
Let i(t) = 20*t + 94. Let d be i(-5). Let a(g) = -9*g + 3*g**2 + 4*g**2 - 3*g**2 - 36 - 6. What are the prime factors of a(d)?
2, 3, 13
Suppose 3*a + 2*j = -10, 0*j + 4*j = -20. Let r be a - (-3)/(-2 + (-22)/(-8)). Suppose -r*h = -5*h + 16. List the prime factors of h.
2
Let a = -84 + 496. Let p = 782 - a. What are the prime factors of p?
2, 5, 37
Let z = 1326 + -517. What are the prime factors of z?
809
Suppose -4*b + 3*j = 6*j - 23, 0 = b - j + 3. Suppose 4*n + 241 = -w, 4*n - b*w + 231 = -w. Let o = n + 151. List the prime factors of o.
2, 23
Suppose 5*g + 5*s = 695, -4*s = -7*g + 6*g + 139. Let i = -109 + 56. Let m = g + i. List the prime factors of m.
2, 43
Let h = -15 - -3. Let a = 13 + h. Let p(q) = 85*q**2 + q - 1. List the prime factors of p(a).
5, 17
Suppose -1338 = -5*p + 1487. Suppose -3*b - 226 = -5*u + 3*u, -b - p = -5*u. What are the prime factors of 2/(